s digit of v?
9
Suppose 5*c - 149906 = -12*o + 10*o, -4*o = c - 30010. What is the ten thousands digit of c?
2
Let v(c) = c + 18. Let u be v(-22). Let r(f) = f + 22. Let y(g) = 1. Let m(p) = u*y(p) + r(p). What is the units digit of m(-4)?
4
Suppose -c + 11 = 3*w - 6*c, w - c = 3. Suppose y = -2, -y - w*y = -t + 9. Suppose 6 = b + t, m - 15 = 2*b. What is the units digit of m?
1
Let f(r) = 9*r - 12 + 30*r + 14*r. What is the units digit of f(2)?
4
Suppose -4*s + 438 = -s. Let w be (-4)/(-3) + (-18)/54 + 1. Suppose 397 = 5*x - 2*k, w*x + 0*k - s = 4*k. What is the units digit of x?
1
Let d = -48 - -48. Suppose p + v - 290 = 0, 0*p - p + 5*v + 272 = d. What is the units digit of p?
7
Let a be 15733 - (16/(-4) + 5). Let j(v) = v**3 + 8*v**2 - 10. Let p be j(-8). What is the units digit of a/90 + (-2)/p?
5
Let v(r) = r**2 - 2*r - 2. Let a be v(-3). Suppose -99 = -2*m - a. Suppose 48*h - 610 = m*h. What is the units digit of h?
2
Suppose 3*t - 31803 = -3*t + 48249. What is the ten thousands digit of t?
1
Suppose 5*w - 19 - 11 = 0. Let f(c) = c**2 - 9*c + 21. Let o be f(w). Suppose 0 = -3*z + o*a + 87, -a = 4*z + 4*a - 98. What is the units digit of z?
7
Let v(x) = 5*x**2 + 87*x + 3. Let l be v(-9). Let z = l + 1113. What is the units digit of z?
8
Let q = 278 - 270. What is the tens digit of 1134 + -2 + (-48)/q?
2
Let k(h) = h**2 + h. Let r(p) = 287*p**2 - 15*p - 9. Let z(t) = 5*k(t) + r(t). What is the units digit of z(-1)?
3
Let r(u) = u**2 + 24*u + 128. Let b be r(-16). Suppose 11*l + 2*l - 5629 = b. What is the tens digit of l?
3
Let w be 1864/40 + 4/10. Let a = w - 45. What is the units digit of -6*a/(-18)*57?
8
What is the ten thousands digit of -10715*(5 + -8)/3?
1
Let u be 0 + (4/2 - 2). Let j(v) = -v**2 + 45*v + 10. Let t be j(0). Suppose u = 7*g - t*g + 612. What is the hundreds digit of g?
2
Let m(x) = -x**3 - 11*x**2 + 13*x + 17. Suppose 5*b - b + 48 = 0. Let k be m(b). Suppose -2*i + 144 = 2*i - 4*t, 2*i = -k*t + 107. What is the tens digit of i?
4
Suppose 101 = 4*k + 3*c, c - 24 = -7*k + 6*k. Let g be 2/4*-9 + k/58. What is the hundreds digit of g/((-4)/(-904)*-4)?
2
Let v(n) = 5*n + 14. Let k be v(7). Let h = -49 + k. Let d(f) = f**2 + 2*f + 197. What is the units digit of d(h)?
7
Let a(z) = 4*z**2 - 56*z - 2. What is the tens digit of a(-23)?
0
Let m(f) = -f + 6. Let j be m(8). Let n be j + 5 + ((-258)/(-2) - -1). Let c = 266 - n. What is the tens digit of c?
3
Let t(c) = 3*c**2 + 5*c. Let g be t(-2). Suppose b - 32 = -g*d + 54, 0 = -2*d - 4*b + 80. Let j = d - 6. What is the tens digit of j?
3
What is the hundreds digit of (95646/76)/((-21)/2912*-4)?
6
Let v = 16747 + -15366. What is the units digit of v?
1
What is the units digit of 0/2 - ((-291646)/10 + (-423)/(-705))?
4
Suppose -5*r - 5 = -15. Suppose r*h = -0*h. Suppose -3*z + a + 222 = h, -74 = -2*z + z - 5*a. What is the units digit of z?
4
Suppose -9*l + 3519 = -1935. Suppose 4*q + g = l - 147, 0 = -q - 4*g + 126. What is the tens digit of q?
1
Suppose 0 = -311*a + 291*a + 182760. What is the hundreds digit of a?
1
Suppose 10689 = 56*k - 53*k. What is the hundreds digit of k?
5
Let x be (-15)/5*(-48)/18. Suppose 25 = 9*r - x*r. What is the units digit of r?
5
Let h(x) = 43 + 7*x - 7*x + 14*x - 195. What is the hundreds digit of h(30)?
2
Suppose -5*a = 8*a - 91. Suppose -2*q - p = -625, 3*q - 5*p + 1241 = a*q. What is the units digit of q?
4
Let t(a) = -609*a**3 - 5*a**2 - 27*a - 54. What is the thousands digit of t(-2)?
4
Suppose 2*d - 11184 = -4*v, -28*d + 30*d - 2*v = 11184. What is the tens digit of d?
9
Suppose -148*s + 850071 = 31*s. What is the units digit of s?
9
Suppose 0*o = 4*r + o + 1016, 0 = -2*o - 8. Let q = r - -633. What is the hundreds digit of q?
3
Let m = 62 - 65. Let a be 1*m + -12 + 10. Let t = a + 32. What is the tens digit of t?
2
Suppose -v - 2*v = 0. Let s(r) = -18066*r + 15 + 36 + 18070*r. What is the units digit of s(v)?
1
Suppose 4*n - 14214 = -2046. What is the hundreds digit of (2/(-3)*-1)/(6/n)?
3
Let g be (-3810)/(-9)*(1 - 22/10). Let y = g + 1185. What is the tens digit of y?
7
Let j be -6 + 632/104 - 742/13. Let x = -231 + 135. Let v = j - x. What is the units digit of v?
9
Let k(j) = -21*j**3 + 13*j**2 + 23*j - 124. What is the ten thousands digit of k(-8)?
1
Suppose 5*d - 3*v - 151972 + 24417 = 0, -5*v = d - 25483. What is the units digit of d?
8
Suppose -4*i - 1990 = 2*t, -3*t + 6*t = 9. Let l = i - -1494. What is the tens digit of l?
9
Suppose 8*r - 4*r - 24 = 0. Suppose -r*w - 126 = -7*w. Let f = w - 42. What is the tens digit of f?
8
Suppose -242*l + 4653129 = 850825. What is the tens digit of l?
1
Let j(u) = 228*u - 3. Let g be j(-3). Let b = g - -1241. What is the hundreds digit of b?
5
Let u be (-4)/(0/3 + -2). Suppose 27*f = 39*f - 36. Suppose f*h - 199 = -5*b, 3*h + 2 = u*h. What is the units digit of b?
1
Let o = 26069 - 14074. What is the ten thousands digit of o?
1
Let o be (-30)/4*(-8)/12. Suppose 4*s + 130 = 2*f + f, -f - o*s = -56. What is the units digit of f?
6
Suppose -3*f + 2*w = -51268, w = 2*f - 42809 + 8630. Suppose -23*h + f - 346 = 0. What is the tens digit of h?
2
Suppose -4*r + 37 = -3*h, -h = 4*h + 4*r + 19. What is the units digit of 20*1*(-140)/h?
0
Let d = 369 - -70. What is the tens digit of ((6 - 10) + -1*d)*-1?
4
Let p = 60 - 55. Suppose 3*v - 5208 = -p*x, 62*x - 5*v = 67*x - 5200. What is the thousands digit of x?
1
Suppose -14*b + 40021 = 17*b. What is the thousands digit of b?
1
Let m be 0/(-4 + 3 - -3 - -2). What is the units digit of -16 - -9 - (-1345 + m)?
8
Let l = 7 - 26. Let q be l/7 + 16/(-56). What is the tens digit of 2*((-555)/(-6))/5 + q?
3
Suppose 2*t - 13 = 735. Suppose 0 = 5*q - 3*s - 1492, 2*q - 214 = -s + t. Suppose -2*m + 3*l + q = 0, -5*m + 451 = -2*m - l. What is the hundreds digit of m?
1
What is the ten thousands digit of (-640)/(-32)*(-3)/((-96)/61928)?
3
Suppose -842813 = -31*l - 173244. What is the units digit of l?
9
Suppose 12573 - 11527 = -77*z + 78508. What is the tens digit of z?
0
Suppose -3*w - 4*i = -86844 - 13517, 0 = -8*w - i + 267668. What is the units digit of w?
9
What is the units digit of (-4)/6 + (-47540)/330*-11?
4
Let u = 31 + -29. Suppose -2*k = 4*x - 18, -5*x - u*k = -4*k. Suppose 5*h + 82 = 3*j, 3*j - 122 = -x*j + h. What is the units digit of j?
4
Suppose a = -b + 19174, b + 19172 = -646*a + 647*a. What is the hundreds digit of a?
1
Let h be (76/(-6) + 12)/((-2)/11853). Suppose -5*t = 3*p - 1447 - 2507, 3*p - h = -4*t. What is the hundreds digit of p?
3
Suppose -4*v - 39 = -39. Suppose v = -15*c + 28069 - 11374. What is the units digit of c?
3
Suppose -11*v - 2*d = -14*v + 15, -4*v - 3*d + 20 = 0. What is the hundreds digit of -5 + v + -3 + 322?
3
Suppose -5*r + 3169 + 11719 = m, 74555 = 5*m + 2*r. What is the ten thousands digit of m?
1
Let a be (1880/(-329))/(2/(-21)). Suppose a*r = 42*r + 15066. What is the units digit of r?
7
Suppose 1347*d - 26740 = 1337*d. What is the tens digit of d?
7
Let l be 15/(-21) - 2/7. What is the tens digit of (2 + -5)*-87 - l?
6
Let b(s) = -6 + s + 15*s**2 - 5 - 3*s**2 + 21*s**2 + 13. What is the units digit of b(6)?
6
Let s be (7/((-7)/(-5)))/(0 - -1). Suppose -s*m + 1071 + 1294 = 0. What is the hundreds digit of m?
4
Suppose 0 = -l + 27060 - 817. What is the ten thousands digit of l?
2
Let c = 607 + -604. Suppose -c*t + 5*f = -3789, 3*f + 2513 = 2*t + 4*f. What is the units digit of t?
8
Let y = -139 + 253. Let r = -626 + 621. Let t = y + r. What is the tens digit of t?
0
What is the thousands digit of 12/(-66) - (-137785)/55 - (20 + -16)?
2
Suppose -5*z + g = -2629, -74 - 449 = -z + 3*g. Let h = z - 139. What is the tens digit of h?
8
Suppose 0 = 10*w + 12279 - 509. Let u = 1725 + w. Let q = u - 379. What is the units digit of q?
9
Suppose -113376 = -116*i + 111*i + 3*t, -90717 = -4*i - 3*t. What is the hundreds digit of i?
6
Let q(l) = -10*l + 5436. What is the hundreds digit of q(0)?
4
Let f(q) = q**2 + 84*q - 5039. What is the hundreds digit of f(91)?
8
Suppose 94*s = 88*s + 90. Suppose 22*p - s*p - 3542 = 0. What is the hundreds digit of p?
5
Suppose 0 = -4*c + a + 4, 10*c - 6*c - 4*a = -8. Suppose -c*f = -9*i + 6*i - 2129, 0 = -3*f + 2*i + 3186. What is the thousands digit of f?
1
Suppose -24580 - 12341 = -w + 5*k